he remainder when 16489273 is divided by 79?
77
What is the remainder when 233394249 is divided by 364?
361
Calculate the remainder when 964147 is divided by 665.
562
What is the remainder when 14835785 is divided by 6231?
6005
What is the remainder when 3044823 is divided by 1014905?
108
What is the remainder when 66917877 is divided by 135?
132
What is the remainder when 272922 is divided by 3875?
1672
What is the remainder when 331710 is divided by 41?
20
Calculate the remainder when 2734556 is divided by 27.
23
What is the remainder when 67138266 is divided by 90361?
43
Calculate the remainder when 5743083 is divided by 287152.
43
Calculate the remainder when 4794769 is divided by 690.
649
What is the remainder when 944468 is divided by 8888?
2340
What is the remainder when 1220425 is divided by 11623?
10
What is the remainder when 26379 is divided by 170?
29
What is the remainder when 702882 is divided by 1271?
19
What is the remainder when 186528 is divided by 186026?
502
What is the remainder when 198433 is divided by 329?
46
What is the remainder when 14045250 is divided by 4?
2
Calculate the remainder when 4477864 is divided by 101768.
72
Calculate the remainder when 1157045 is divided by 3593.
99
Calculate the remainder when 2242964 is divided by 280352.
148
Calculate the remainder when 5241897 is divided by 3.
0
What is the remainder when 17060863 is divided by 2059?
2048
Calculate the remainder when 106591374 is divided by 1375.
1374
Calculate the remainder when 57103712 is divided by 515.
512
Calculate the remainder when 7528216 is divided by 3764061.
94
What is the remainder when 73456089 is divided by 188?
165
Calculate the remainder when 46915062 is divided by 14.
12
What is the remainder when 60954 is divided by 28372?
4210
What is the remainder when 293134 is divided by 58393?
1169
Calculate the remainder when 1782251096 is divided by 3010.
3006
What is the remainder when 999328 is divided by 3743?
3690
Calculate the remainder when 133408 is divided by 1281.
184
Calculate the remainder when 5940803 is divided by 897.
869
What is the remainder when 6093804 is divided by 184?
92
What is the remainder when 327650 is divided by 105?
50
What is the remainder when 252309 is divided by 362?
357
Calculate the remainder when 73122801 is divided by 2152.
2145
Calculate the remainder when 197212 is divided by 65682.
166
Calculate the remainder when 6853318 is divided by 237.
226
What is the remainder when 30854302 is divided by 312?
310
Calculate the remainder when 1468477 is divided by 734209.
59
What is the remainder when 84263296 is divided by 70?
26
Calculate the remainder when 1812987 is divided by 90649.
7
Calculate the remainder when 510726 is divided by 170238.
12
Calculate the remainder when 72999061 is divided by 72999047.
14
Calculate the remainder when 350248 is divided by 1055.
1043
What is the remainder when 63082 is divided by 554?
480
Calculate the remainder when 28747 is divided by 3200.
3147
What is the remainder when 27889145 is divided by 39503?
27
What is the remainder when 530426 is divided by 16552?
762
What is the remainder when 2354011 is divided by 5062?
181
What is the remainder when 94893992 is divided by 5582?
5574
Calculate the remainder when 859784 is divided by 2662.
2620
Calculate the remainder when 1789514 is divided by 273.
272
What is the remainder when 25120098 is divided by 418668?
18
What is the remainder when 347515645 is divided by 101?
97
What is the remainder when 2661543 is divided by 7004?
23
What is the remainder when 779391 is divided by 13437?
45
Calculate the remainder when 2114208 is divided by 2467.
2456
What is the remainder when 212283717 is divided by 165?
162
Calculate the remainder when 21160596 is divided by 1550.
1546
Calculate the remainder when 288750 is divided by 238.
56
What is the remainder when 11396239 is divided by 5698018?
203
Calculate the remainder when 645555380 is divided by 92222196.
8
What is the remainder when 29533298 is divided by 51722?
36
What is the remainder when 579173592 is divided by 17?
14
What is the remainder when 1836836 is divided by 161?
148
What is the remainder when 24143127 is divided by 314?
295
Calculate the remainder when 1449392 is divided by 214.
184
What is the remainder when 461990878 is divided by 2320?
2318
Calculate the remainder when 231466210 is divided by 955.
950
What is the remainder when 1379290 is divided by 17459?
29
What is the remainder when 232977 is divided by 2841?
15
What is the remainder when 3734313 is divided by 83?
60
What is the remainder when 1493467 is divided by 23?
8
What is the remainder when 3522148 is divided by 5881?
5310
What is the remainder when 97133 is divided by 2032?
1629
Calculate the remainder when 18524179 is divided by 2402.
2357
Calculate the remainder when 399094 is divided by 342.
322
What is the remainder when 1022041 is divided by 328?
321
What is the remainder when 85409 is divided by 14231?
23
Calculate the remainder when 208232 is divided by 208031.
201
Calculate the remainder when 27047804 is divided by 1696.
1692
Calculate the remainder when 164749 is divided by 164570.
179
What is the remainder when 3664185 is divided by 243?
231
What is the remainder when 824799 is divided by 3732?
27
What is the remainder when 18941 is divided by 1703?
208
Calculate the remainder when 1603376 is divided by 25860.
56
Calculate the remainder when 100614 is divided by 10676.
4530
What is the remainder when 21863 is divided by 4564?
3607
Calculate the remainder when 1004902 is divided by 285.
277
What is the remainder when 24163 is divided by 3627?
2401
Calculate the remainder when 26280 is divided by 6513.
228
What is the remainder when 32617178 is divided by 34?
26
Calculate the remainder when 769529 is divided by 109856.
537
What is the remainder when 729543 is divided by 2316?
3
What is the remainder when 5852903 is divided by 108386?
59
Calculate the remainder when 30088983 is divided by 69812.
11
Calculate the remainder when 1106033 is divided by 275837.
2685
Calculate the remainder when 79423625 is divided by 635389.
0
Calculate the remainder when 214213539 is divided by 35702256.
3
What is the remainder when 111625 is divided by 443?
432
Calculate the remainder when 3289543 is divided by 30.
13
Calculate the remainder when 4840651 is divided by 5947.
5740
Calculate the remainder when 26843 is divided by 4417.
341
What is the remainder when 26042 is divided by 12989?
64
What is the remainder when 248033359 is divided by 1153?
1152
What is the remainder when 182710 is divided by 2764?
286
What is the remainder when 248998 is divided by 1678?
654
What is the remainder when 544485539 is divided by 3762?
3755
Calculate the remainder when 413809 is divided by 82756.
29
Calculate the remainder when 357473 is divided by 71287.
1038
Calculate the remainder when 29140 is divided by 28709.
431
What is the remainder when 294589 is divided by 8180?
109
What is the remainder when 107190 is divided by 2185?
125
What is the remainder when 782587 is divided by 130408?
139
What is the remainder when 107607 is divided by 35689?
540
What is the remainder when 212589 is divided by 67327?
10608
What is the remainder when 9103783 is divided by 1384?
1215
What is the remainder when 355304 is divided by 5379?
290
What is the remainder when 606959 is divided by 299?
288
Calculate the remainder when 228756 is divided by 4760.
276
What is the remainder when 6288 is divided by 496?
336
What is the remainder when 454896 is divided by 2879?
14
What is the remainder when 450449 is divided by 90080?
49
What is the remainder when 14849439 is divided by 1283?
1280
Calculate the remainder when 61487662 is divided by 46973.
5
What is the remainder when 148552202 is divided by 24758699?
8
Calculate the remainder when 6157905 is divided by 12964.
5
Calculate the remainder when 243910 is divided by 224.
198
What is the remainder when 660109 is divided by 2762?
2753
Calculate the remainder when 1345607 is divided by 988.
939
Calculate the remainder when 94378 is divided by 94337.
41
Calculate the remainder when 226212 is divided by 1220.
512
What is the remainder when 2486382 is divided by 1123?
60
Calculate the remainder when 186706